PEPPER RIDGE 2012 ANNUAL CLIMATOLOGICIAL SUMMARY

NAME: PEPPER RIDGE #1 NORTH VALLEY PHOENIX, ARIZONA
ELEV: 1469 ft LAT: 33 39' 11" N LONG: 112 01' 40" W



              TEMPERATURE (F), HEAT BASE 65.0, COOL BASE 65.0
                          DEP.  HEAT  COOL                                          
        MEAN  MEAN        FROM  DEG   DEG                        MAX  MAX  MIN  MIN 
 YR MO  MAX   MIN   MEAN  NORM  DAYS  DAYS  HI  DATE  LOW  DATE  >=90 <=32 <=32 <=0 
------------------------------------------------------------------------------------
 12  1  69.8  43.0  55.5   3.6   324    29  80.4   4  35.0   13    0    0    0    0
 12  2  70.2  44.1  56.9   0.7   268    34  79.0  24  37.9   15    0    0    0    0
 12  3  76.6  47.8  62.5   1.7   196   119  89.4  31  37.7   20    0    0    0    0
 12  4  84.2  57.2  71.8   3.8    60   264 101.1  22  47.5   15    9    0    0    0
 12  5  94.4  64.8  81.3   4.7     5   511 105.8  31  54.5   27   24    0    0    0
 12  6 103.0  74.0  90.5   5.0     0   764 109.3  18  65.2    6   30    0    0    0
 12  7 101.6  78.8  90.6   0.4     0   794 110.2   9  72.4    4   30    0    0    0
 12  8 103.0  80.8  92.4   4.4     0   850 112.4  10  70.3   23   30    0    0    0
 12  9  96.0  72.9  84.7   1.8     0   591 103.4   2  65.6   28   28    0    0    0
 12 10  87.7  60.9  74.3   2.2    28   317 100.5   1  49.3   25   10    0    0    0
 12 11  78.3  51.4  64.4   4.3   135   117  87.7   5  37.4   11    0    0    0    0
 12 12  64.1  42.7  52.5   0.4   404    17  78.7   5  35.1   28    0    0    0    0
------------------------------------------------------------------------------------
        85.8  59.9  73.2   2.8  1420  4408 112.4 AUG  35.0  JAN  161    0    0    0

                                PRECIPITATION (in)

               DEP.   MAX        DAYS OF RAIN 
               FROM   OBS.          OVER
 YR MO  TOTAL  NORM   DAY  DATE .01   .1   1
---------------------------------------------
 12  1  0.08  -0.81  0.08   16    1    0    0
 12  2  0.00  -0.90  0.00    1    0    0    0
 12  3  1.09  -0.03  1.08   18    1    1    1
 12  4  0.15  -0.17  0.09   26    2    0    0
 12  5  0.02  -0.10  0.02    9    1    0    0
 12  6  0.00  -0.06  0.00    1    0    0    0
 12  7  0.76   0.00  0.22   28    8    3    0
 12  8  1.19  -0.01  0.52   23    5    2    0
 12  9  1.47   0.53  1.01   10    5    3    1
 12 10  0.07  -0.70  0.06   12    1    0    0
 12 11  0.08  -0.78  0.06    9    2    0    0
 12 12  1.33   0.17  0.49   15    4    4    0
---------------------------------------------
        6.24 -2.86  1.08  MAR   30   13    2

                                WIND SPEED (mph)
                          DOM
 YR MO   AVG.  HI   DATE  DIR
---------------------------------
 12  1   1.0  24.0    7     N
 12  2   0.9  28.0   28   SSW
 12  3   1.2  29.0    2   NNE
 12  4   1.0  28.0    1   WSW
 12  5   1.0  27.0    9   WSW
 12  6   0.8  25.0   16   WSW
 12  7   1.1  33.0   28    SW
 12  8   0.8  27.0   21    SW
 12  9   0.9  26.0    9    SW
 12 10   0.6  19.0   11     W
 12 11   0.7  17.0    9     N
 12 12   0.8  24.0    9     N
---------------------------------
         0.9  33.0  JUL  WSW

2012 Statistics
current thru December 31st, 2012

Hottest temperature ... 112.4F on August 10th & 12th

First 90F Day for 2012 occured on April 9th!

First 100F Day for 2012 occured at 1:47pm on April 22nd!

Coldest temperature ... 35.0F on January 13th

Lowest maximum ... 51.7F on December 15th

Highest minimum ... 88.2F on August 12th

Maximum Wind Gust this year ... 33 mph on July 28th

Total rain so far this year ... 6.24 in.

Most rain in one day ... 1.08 in. on March 18th

Most rain in one month ... 1.47 in. in September

 


             
          2012        2012  AVERAGES F  (RAIN)    2012    Extremes F
          MONTH       MAX:  MIN:  MEAN:    in     MAX:  DATE: MIN:  DATE:
         ----------------------------------------------------------------
          JANUARY...  69.8  43.0  55.5  ( 0.08 )   80.4  1/04  35.0  1/13
          FEBRUARY..  70.2  44.1  56.9  (  T   )   79.0  2/24  37.9  2/15
          MARCH.....  76.6  47.8  62.5  ( 1.09 )   89.4  3/31  37.7  3/20
          APRIL.....  84.2  57.2  71.8  ( 0.15 )  101.1  4/22  47.5  4/15     
          MAY......   94.4  64.8  81.3  ( 0.02 )  105.8  5/31  54.5  5/27    
          JUNE.....   97.3  77.9  87.9  ( 0.00 )  107.0  6/01  72.9  6/01
      
          JULY.....  101.6  78.8  90.6  ( 0.76 )  110.2  7/09  72.4  7/04       
          AUGUST.... 103.0  80.8  92.4  ( 1.19 )  112.4  8/10* 70.3  8/23    
          SEPTEMBER.  96.0  72.9  84.7  ( 1.47 )  103.4  9/02  65.6  9/28       
          OCTOBER...  87.7  60.9  74.3  ( 0.07 )  100.5 10/01  49.3 10/28     
          NOVEMBER..  78.3  51.4  64.4  ( 0.08 )   87.7 11/05  37.4 11/11        
          DECEMBER..  64.1  42.7  52.5  ( 1.33 )   78.7 12/05  35.1 12/28       
         ----------------------------------------------------------------
          YR TOTALS   85.8  59.9  73.2  ( 6.24 )  112.4 8/10*  35.0  1/13  
		             
         * More than one occurance
		 


The number of days this year
the HIGH temperature was
...

Less than 50F ... 0 days

Less than 60F ... 10 days

Less than 70F ... 65 days

90F or more .... 161 days

100F or more .... 80 days

110F or more .... 9 days

The number of days this year
the LOW temperature was
...

32F or less ..... 0 days

45F or less ..... 74 days

70F or more .... 111 days

80F or more ..... 39 days

85F or more ..... 7 days


© 2005 - 2012 PEPPER RIDGE NORTH VALLEY WEATHER
All rights reserved. Unauthorized duplication or distribution is prohibited

Number of Visitors Since March 15, 2005