PEPPER RIDGE 2013 ANNUAL CLIMATOLOGICIAL SUMMARY

NAME: PEPPER RIDGE #1 NORTH VALLEY PHOENIX, ARIZONA
ELEV: 1469 ft LAT: 33 39' 11" N LONG: 112 01' 40" W



               TEMPERATURE (F), HEAT BASE 65.0, COOL BASE 65.0

                          DEP.  HEAT  COOL                                          
        MEAN  MEAN        FROM  DEG   DEG                        MAX  MAX  MIN  MIN 
 YR MO  MAX   MIN   MEAN  NORM  DAYS  DAYS  HI  DATE  LOW  DATE  >=90 <=32 <=32 <=0 
------------------------------------------------------------------------------------
 13  1  63.0  39.1  50.2  -1.7   475    18  77.9  23  23.0   14    0    0    7    0
 13  2  65.7  41.4  53.2  -3.0   349    18  76.8  16  32.4   12    0    0    0    0
 13  3  79.7  51.0  65.5   4.7   142   158  91.5  14  39.1   10    2    0    0    0
 13  4  84.5  55.6  71.6   3.6    59   255  98.7  29  45.2   18    6    0    0    0
 13  5  91.8  65.3  80.3   3.7     3   479  99.2  13  57.3    9   22    0    0    0
 13  6 104.0  74.3  91.1   5.6     0   784 114.3  29  69.5    4   30    0    0    0
 13  7 102.2  81.7  92.2   2.0     0   842 109.7   8  72.4   21   30    0    0    0
 13  8 101.3  79.4  90.7   2.7     0   796 109.8  16  72.3    8   29    0    0    0
 13  9  95.5  72.9  84.7   1.8     2   592 107.6   5  59.7   28   24    0    0    0
 13 10  83.4  56.3  70.0  -2.1    65   221  91.7   1  46.7   31    3    0    0    0
 13 11  74.3  51.9  62.7   2.6   161    92  88.4  11  41.0   25    0    0    0    0
 13 12  65.1  41.0  52.2   0.1   409    14  78.2  17  30.2    9    0    0    3    0
------------------------------------------------------------------------------------
        84.3  59.3  72.1   1.7  1665  4269 114.3 JUN  23.0  JAN  146    0   10    0

                                PRECIPITATION (in)

               DEP.   MAX        DAYS OF RAIN 
               FROM   OBS.          OVER
 YR MO  TOTAL  NORM   DAY  DATE .01   .1   1
---------------------------------------------
 13  1  1.97   1.08  1.53   26    4    2    1
 13  2  0.58  -0.32  0.46   20    3    1    0
 13  3  0.82  -0.30  0.79    8    2    1    0
 13  4  0.02  -0.30  0.01    8    0    0    0
 13  5  0.00  -0.12  0.00    1    0    0    0
 13  6  0.00  -0.06  0.00    1    0    0    0
 13  7  0.87   0.11  0.75   21    3    1    0
 13  8  0.20  -1.00  0.09   28    4    0    0
 13  9  2.22   1.28  1.62    9    4    3    1
 13 10  0.06  -0.71  0.06   10    1    0    0
 13 11  2.53   1.67  1.69   22    4    3    1
 13 12  0.27  -0.89  0.23   20    2    1    0
---------------------------------------------
        9.54  0.44  1.69  NOV   27   12    3

                                WIND SPEED (mph)
                          DOM
 YR MO   AVG.  HI   DATE  DIR
---------------------------------
 13  1   0.8  22.0   11     N
 13  2   1.1  28.0   24     N
 13  3   0.8  29.0    8     N
 13  4   1.1  31.0    8    SW
 13  5   1.0  26.0   20   WSW
 13  6   0.6  29.0   30   WSW
 13  7   1.0  42.0   19   WSW
 13  8   0.9  29.0   17   WSW
 13  9   0.7  21.0   22     N
 13 10   0.6  21.0    9     N
 13 11   0.8  21.0    4     N
 13 12   0.7  15.0    4     N
---------------------------------
         0.8  42.0  JUL  WSW


2013 Statistics
current thru December 31st, 2013

Hottest temperature ... 114.3F on June 29th

First 90F Day for 2013 occured on March 14th!

First 100F Day for 2013 occured on June 1st at 11:18am!

Coldest temperature ... 23.0F on January 14th

Lowest maximum ... 44.2F on January 14th

Highest minimum ... 87.0F on June 30th

Maximum Wind Gust this year ... 42 mph on July 19th

Total rain so far this year ... 9.54 in.

Most rain in one day ... 1.69 in. on November 22nd

Most rain in one month ... 2.53 in. in November

 


             
          2013        2013  AVERAGES F  (RAIN)    2013    Extremes F
          MONTH       MAX:  MIN:  MEAN:    in     MAX:  DATE: MIN:  DATE:
         ----------------------------------------------------------------
          JANUARY...  63.0  39.1  50.2  ( 1.97 )   77.9  1/23  23.0  1/14
          FEBRUARY..  65.7  41.4  53.2  ( 0.58 )   76.8  2/16  32.4  2/12
          MARCH.....  79.7  51.0  65.5  ( 0.82 )   91.5  3/14  39.1  3/10
          APRIL.....  84.5  55.6  71.6  ( 0.02 )   98.7  4/29  45.2  4/18     
          MAY......   91.8  65.3  80.3  ( 0.00 )   99.2  5/13  57.3  5/09    
          JUNE.....  104.0  74.3  91.1  ( 0.00 )  114.3  6/29  69.5  6/04
      
          JULY.....  102.2  81.7  92.2  ( 0.87 )  109.7  7/08  72.4  7/21       
          AUGUST.... 101.3  79.4  90.7  ( 0.20 )  109.8  8/16  72.3  8/08    
          SEPTEMBER.  95.5  72.9  84.7  ( 2.22 )  107.6  9/05  59.7  9/28       
          OCTOBER...  83.4  56.3  70.0  ( 0.06 )   91.7 10/01  46.7 10/31     
          NOVEMBER..  74.3  51.9  62.7  ( 2.53 )   88.4 11/11  41.1 11/25        
          DECEMBER..  65.1  41.0  52.2  ( 0.27 )   78.2 12/17  30.2 12/09       
         ----------------------------------------------------------------
          YR TOTALS   84.3  59.3  72.1  ( 9.54 )   114.3 6/29  23.0  1/14  
		             
         * More than one occurance
		 


The number of days this year
the HIGH temperature was
...

Less than 50F ... 2 days

Less than 60F ... 30 days

Less than 70F ... 73 days

90F or more .... 146 days

100F or more .... 84 days

110F or more .... 5 days

The number of days this year
the LOW temperature was
...

32F or less ..... 10 days

45F or less ..... 75 days

70F or more .... 112 days

80F or more ..... 46 days

85F or more ..... 15 days




© 2005 - 2014 PEPPER RIDGE NORTH VALLEY WEATHER
All rights reserved. Unauthorized duplication or distribution is prohibited

Number of Visitors Since March 15, 2005