PEPPER RIDGE 2016 ANNUAL CLIMATOLOGICIAL SUMMARY

NAME: PEPPER RIDGE #1 NORTH VALLEY PHOENIX, ARIZONA
ELEV: 1469 ft LAT: 33 39' 11" N LONG: 112 01' 40" W



               TEMPERATURE (F), HEAT BASE 65.0, COOL BASE 65.0

                          DEP.  HEAT  COOL                                          
        MEAN  MEAN        FROM  DEG   DEG                        MAX  MAX  MIN  MIN 
 YR MO  MAX   MIN   MEAN  NORM  DAYS  DAYS  HI  DATE  LOW  DATE  >=90 <=32 <=32 <=0 
------------------------------------------------------------------------------------
 16  1  63.8  42.1  52.3   0.4   402     8  72.9  22  34.4    1    0    0    0    0
 16  2  76.7  47.2  61.6   5.4   209   110  85.6  26  31.9    3    0    0    1    0
 16  3  79.7  52.0  66.3   5.5   116   156  89.5  21  45.6    7    0    0    0    0
 16  4  82.9  57.4  70.9   2.9    49   225  95.7   6  49.4    1    5    0    0    0
 16  5  89.5  62.3  77.2   0.6    15   393 100.2   4  53.9    1   15    0    0    0
 16  6 104.4  76.2  92.1   6.6     0   814 117.0  19  66.8   15   30    0    0    0
 16  7 105.7  81.8  94.6   4.4     0   918 110.9  22  74.8   12   31    0    0    0
 16  8 100.7  78.0  89.4   1.4     0   756 109.1  16  68.8   23   31    0    0    0
 16  9  94.9  71.7  83.5   0.7     2   558 102.4  18  57.9   24   24    0    0    0
 16 10  90.4  64.0  77.0   4.9     9   382  96.2  27  55.0    4   20    0    0    0
 16 11  75.7  53.7  64.4   4.3   134   116  86.4   8  36.5   30    0    0    0    0
 16 12  66.6  45.6  55.1   3.0   325    19  75.2  29  36.1   18    0    0    0    0
------------------------------------------------------------------------------------
        85.9  61.0  73.7   3.3  1261  4454 117.0 JUN  31.9  FEB  156    0    1    0

                                PRECIPITATION (in)

               DEP.   MAX        DAYS OF RAIN 
               FROM   OBS.          OVER
 YR MO  TOTAL  NORM   DAY  DATE .01   .1   1
---------------------------------------------
 16  1  2.09   1.04  0.48    7    6    5    0
 16  2  0.00  -1.28  0.00    1    0    0    0
 16  3  0.00  -0.93  0.00    1    0    0    0
 16  4  0.93   0.49  0.50   10    3    2    0
 16  5  0.07  -0.06  0.06    6    1    0    0
 16  6  0.21   0.12  0.15   29    2    1    0
 16  7  0.05  -1.01  0.05   29    1    0    0
 16  8  2.55   1.18  1.55    5    8    4    1
 16  9  0.59  -0.34  0.40   22    2    2    0
 16 10  0.40  -0.31  0.39    2    1    1    0
 16 11  0.88   0.25  0.34   27    4    3    0
 16 12  2.07   1.05  1.04   22    9    4    1
---------------------------------------------
        9.84  0.20  1.55  AUG   37   22    2

                                WIND SPEED (mph)
                          DOM
 YR MO   AVG.  HI   DATE  DIR
---------------------------------
 16  1   0.4  25.0   31   NNE
 16  2   0.7  27.0    1   NNE
 16  3   0.8  25.0   22    SW
 16  4   1.1  31.0   15    SW
 16  5   0.9  31.0   17    SW
 16  6   0.7  23.0   10   WSW
 16  7   0.9  32.0   31    SW
 16  8   1.2  36.0   24   SSE
 16  9   0.7  21.0   13   SSE
 16 10   0.4  17.0    3   NNE
 16 11   0.7  25.0   27     N
 16 12   0.2  26.0   24     N
---------------------------------
         0.7  36.0  AUG   SW


2016 Statistics
current thru December 31st, 2016

Hottest temperature ... 117.0F* on June 19th

First 90F Day for 2016 occured on April 5th!

First 100F Day for 2016 occured at 2:17pm on May 4th!

Coldest temperature ... 31.9F on February 3rd

Lowest maximum ... 49.6F on January 7th

Highest minimum ... 89.2F on July 22nd

Maximum Wind Gust this year ... 36 mph on August 24th

Total rain so far this year ... 9.84 in.

Most rain in one day ... 1.55 in. on August 5th

Most rain in one month ... 2.55 in. in August


(*117.0F on June 19th is the new all-time record High, the old records
were 115.0F Jul 15th, 1997 , 114.7F July 21st, 2006 & 114.5F on July 2nd, 2001)

 


             
          2016        2016  AVERAGES F  (RAIN)    2016    Extremes F
          MONTH       MAX:  MIN:  MEAN:    in     MAX:  DATE: MIN:  DATE:
         ----------------------------------------------------------------
          JANUARY...  63.8  42.1  52.3  ( 2.09 )   72.9  1/22  33.4  1/01
          FEBRUARY..  76.7  47.2  61.6  (   T  )   85.6  2/26  31.9  2/03
          MARCH.....  79.7  52.0  66.3  ( 0.00 )   89.5  3/21  45.6  3/07
          APRIL.....  82.9  57.4  70.9  ( 0.93 )   95.7  4/06  49.4  4/01     
          MAY......   89.5  62.3  77.2  ( 0.07 )  100.2  5/04  53.9  5/01    
          JUNE.....  104.4  76.2  92.1  ( 0.21 )  117.0* 6/19  66.8  6/15
      
          JULY.....  105.7  81.8  94.6  ( 0.05 )  110.9  7/02  74.8  7/12        
          AUGUST.... 100.7  78.0  89.4  ( 2.55 )  109.1  8/16  68.8  8/23    
          SEPTEMBER.  94.9  71.7  83.5  ( 0.59 )  102.4  9/18  57.9  9/24       
          OCTOBER...  90.4  64.0  77.0  ( 0.40 )   96.2 10/27  55.0 10/04    
          NOVEMBER..  75.7  53.7  64.4  ( 0.88 )   86.4 11/08  36.5 11/30       
          DECEMBER..  66.6  45.6  55.1  ( 2.07 )   75.2 12/29  36.1 12/18      
         ----------------------------------------------------------------
          YR TOTALS   85.9  61.0  73.7  ( 9.84 )  117.0 06/19  31.9 02/03  
		             
         ** More than one occurance
		 


The number of days this year
the HIGH temperature was
...

Less than 50F ... 1 day

Less than 60F ... 15 days

Less than 70F ... 63 days

90F or more .... 156 days

100F or more .... 77 days

110F or more .... 9 days

The number of days this year
the LOW temperature was
...

32F or less ..... 1 day

45F or less ..... 51 days

70F or more .... 110 days

80F or more ..... 31 days

85F or more ..... 9 days


© 2005 - 2016 PEPPER RIDGE NORTH VALLEY WEATHER
All rights reserved. Unauthorized duplication or distribution is prohibited

Number of Visitors Since March 15, 2005


USA Weather Finder Return to Historical Data Page World Weather Websites