PEPPER RIDGE 2017 ANNUAL CLIMATOLOGICIAL SUMMARY

NAME: PEPPER RIDGE #1 NORTH VALLEY PHOENIX, ARIZONA
ELEV: 1469 ft LAT: 33 39' 11" N LONG: 112 01' 40" W



               TEMPERATURE (F), HEAT BASE 65.0, COOL BASE 65.0

                          DEP.  HEAT  COOL                                          
        MEAN  MEAN        FROM  DEG   DEG                        MAX  MAX  MIN  MIN 
 YR MO  MAX   MIN   MEAN  NORM  DAYS  DAYS  HI  DATE  LOW  DATE  >=90 <=32 <=32 <=0 
------------------------------------------------------------------------------------
 17  1  62.5  43.6  52.6   0.7   391     7  75.2  30  33.4   28    0    0    0    0
 17  2  70.5  48.9  59.1   2.9   207    41  81.5  10  36.7   24    0    0    0    0
 17  3  81.6  52.6  67.4   6.6   117   191  93.4  19  41.5    1    7    0    0    0
 17  4  85.7  56.5  72.3   4.3    53   273  95.8  23  46.9    2    5    0    0    0
 17  5  91.8  63.7  79.1   2.5    16   453 104.6   5  55.4    9   20    0    0    0
 17  6 104.7  74.7  91.5   6.0     0   794 117.2  20  60.8   13   29    0    0    0
 17  7 103.9  80.8  92.3   2.1     0   846 114.8   7  72.1   16   30    0    0    0
 17  8 102.6  78.9  91.3   3.3     0   816 108.2   9  71.3   16   31    0    0    0
 17  9  96.1  70.9  84.3   1.4     6   585 106.9  12  55.4   25   24    0    0    0
 17 10  90.9  62.8  76.7   4.6    12   375  96.1  24  57.5   22   20    0    0    0
 17 11  80.0  55.3  67.2   7.1    78   144  85.9  26  45.6   28    0    0    0    0
 17 12  69.7  44.2  56.1   4.0   312    37  80.1   2  32.4   22    0    0    0    0
------------------------------------------------------------------------------------
        86.7  61.1  74.2   3.8  1193  4561 117.2 JUN  32.4  DEC  166    0    0    0

                                PRECIPITATION (in)

               DEP.   MAX        DAYS OF RAIN 
               FROM   OBS.          OVER
 YR MO  TOTAL  NORM   DAY  DATE .01   .1   1
---------------------------------------------
 17  1  1.62   0.57  0.54   20    5    3    0
 17  2  2.24   0.96  0.95   18    4    4    0
 17  3  0.12  -0.81  0.09   23    2    0    0
 17  4  0.00  -0.44  0.00    1    0    0    0
 17  5  0.10  -0.03  0.10    9    1    0    0
 17  6  0.00  -0.09  0.00    1    0    0    0
 17  7  2.01   0.95  0.90   16    8    4    0
 17  8  0.96  -0.41  0.51    3    3    3    0
 17  9  0.00  -0.93  0.00    1    0    0    0
 17 10  0.00  -0.71  0.00    1    0    0    0
 17 11  0.01  -0.62  0.01   17    0    0    0
 17 12  0.15  -0.87  0.15   17    1    1    0
---------------------------------------------
        7.21 -2.43  0.95  FEB   24   15    0

                                WIND SPEED (mph)
                          DOM
 YR MO   AVG.  HI   DATE  DIR
---------------------------------
 17  1   0.3  26.0   27     N
 17  2   0.4  21.0   28     W
 17  3   0.6  28.0   30     W
 17  4   0.7  29.0   28    SW
 17  5   0.8  24.0   15    SW
 17  6   0.6  23.0   11    SW
 17  7   1.1  34.0   16    SW
 17  8   1.0  31.0   26   SSE
 17  9   0.7  24.0    4   WSW
 17 10   0.4  17.0    9   NNE
 17 11   0.2  12.0    4     N
 17 12   0.5  26.0   17   NNE
---------------------------------
         0.6  34.0  JUL   SW


2017 Statistics
current thru December 31st, 2017

Hottest temperature ... 117.2°F* on June 20th

First 90°F Day for 2017 occured on March 13th!

First 100°F Day for 2017 occured at 1:17pm on May 4th!

Coldest temperature ... 32.4°F on December 22nd

Lowest maximum ... 51.0°F on January 20th

Highest minimum ... 94.8°F** on July 8th

Maximum Wind Gust this year ... 34 mph on July 16th

Total rain so far this year ... 7.21 in.

Most rain in one day ... 0.95 in. on February 18th

Most rain in one month ... 2.24 in. in February


*117.2°F on June 20th tied the all-time record High of 117.0°F set on June 19th, 2016

The low of 94.8**°F on July 8th set a new all-time high minimum
the old record was 91.5°F on July 16, 2010

 


             
          2017        2017  AVERAGES °F  (RAIN)    2017    Extremes °F
          MONTH       MAX:  MIN:  MEAN:    in     MAX:  DATE: MIN:  DATE:
         ----------------------------------------------------------------
          JANUARY...  62.5  43.6  52.6  ( 1.62 )   75.2  1/30  33.4  1/28
          FEBRUARY..  70.5  48.9  59.1  ( 2.24 )   81.5  2/10  36.7  2/24
          MARCH.....  81.6  52.6  67.4  ( 0.12 )   93.4  3/19  41.5  3/01
          APRIL.....  85.7  56.5  72.3  ( 0.00 )   95.8  4/23  46.9  4/02     
          MAY......   91.8  63.7  78.0  ( 0.10 )  104.6  5/05  55.4  5/09    
          JUNE.....  104.7  74.7  91.5  ( 0.00 )  117.2  6/20  60.8  6/13
      
          JULY.....  103.9  80.8  92.3  ( 2.01 )  114.8  7/07  72.1  7/16        
          AUGUST.... 102.6  78.9  91.3  ( 0.96 )  108.2  8/09* 71.3  8/16    
          SEPTEMBER.  96.1  70.9  84.3  (  T   )  106.9  9/12  55.4  9/25       
          OCTOBER...  90.9  62.8  76.7  ( 0.00 )   96.1 10/24  57.5 10/22   
          NOVEMBER..  80.0  55.2  67.2  ( 0.01 )   85.9 11/26  45.6 11/28       
          DECEMBER..  69.7  44.2  56.1  ( 0.15 )   80.1 12/02  32.4 12/22      
         ----------------------------------------------------------------
          YR TOTALS   86.7  61.1  74.2  ( 7.21 )   117.2 06/20  32.4 12/22  
		             
         ** More than one occurance
		 


The number of days this year
the HIGH temperature was
...

Less than 50°F ... 0 days

Less than 60°F ... 15 days

Less than 70°F ... 55 days

90°F or more .... 166 days

100°F or more .... 93 days

110°F or more .... 10 days

The number of days this year
the LOW temperature was
...

32°F or less ..... 0 days

45°F or less ..... 44 days

70°F or more .... 108 days

80°F or more ..... 44 days

85°F or more ..... 6 days


© 2005 - 2017 PEPPER RIDGE NORTH VALLEY WEATHER
All rights reserved. Unauthorized duplication or distribution is prohibited

Number of Visitors Since March 15, 2005


USA Weather Finder Return to Historical Data Page World Weather Websites