PEPPER RIDGE 2018 ANNUAL CLIMATOLOGICIAL SUMMARY

NAME: PEPPER RIDGE #1 NORTH VALLEY PHOENIX, ARIZONA
ELEV: 1469 ft LAT: 33 39' 11" N LONG: 112 01' 40" W



               TEMPERATURE (F), HEAT BASE 65.0, COOL BASE 65.0

                          DEP.  HEAT  COOL                                          
        MEAN  MEAN        FROM  DEG   DEG                        MAX  MAX  MIN  MIN 
 YR MO  MAX   MIN   MEAN  NORM  DAYS  DAYS  HI  DATE  LOW  DATE  >=90 <=32 <=32 <=0 
------------------------------------------------------------------------------------
 18  1  71.7  46.0  58.0   6.1   270    52  80.0  29  36.4   22    0    0    0    0
 18  2  68.9  44.8  56.5   0.3   275    38  82.1   8  33.4   22    0    0    0    0
 18  3  76.4  51.0  63.9   3.1   150   115  89.3  31  41.4    5    0    0    0    0
 18  4  87.6  59.6  74.6   6.6    31   318  96.5  10  50.1   18   12    0    0    0
 18  5  93.3  64.9  80.5   3.9     8   490 103.4   6  52.9    3   24    0    0    0
 18  6 102.1  73.2  89.5   4.0     0   735 107.6  22  66.5   18   29    0    0    0
 18  7 104.7  81.1  93.1   2.9     0   871 113.9  24  70.1    9   31    0    0    0
 18  8 102.2  79.2  91.1   3.1     0   810 111.8   6  68.7   10   31    0    0    0
 18  9 100.2  75.3  88.2   5.3     0   696 106.7  15  69.7   20   29    0    0    0
 18 10  80.3  61.1  70.6  -1.5    35   207  88.4  20  52.8   17    0    0    0    0
 18 11  72.8  48.4  60.0  -0.1   211    60  81.0   6  39.8   12    0    0    0    0
 18 12  64.3  43.0  52.9   0.8   386    10  72.7  20  32.3   30    0    0    0    0
------------------------------------------------------------------------------------
        85.4  60.7  73.3   2.9  1365  4402 113.9 JUL  32.3  DEC  156    0    0    0

                                PRECIPITATION (in)

               DEP.   MAX        DAYS OF RAIN 
               FROM   OBS.          OVER
 YR MO  TOTAL  NORM   DAY  DATE .01   .1   1
---------------------------------------------
 18  1  0.72  -0.33  0.56    9    2    2    0
 18  2  0.67  -0.61  0.31   27    4    2    0
 18  3  0.04  -0.89  0.04   11    1    0    0
 18  4  0.00  -0.44  0.00    1    0    0    0
 18  5  0.00  -0.13  0.00    1    0    0    0
 18  6  0.00  -0.09  0.00    1    0    0    0
 18  7  2.55   1.49  1.18   11    3    3    2
 18  8  1.20  -0.17  0.62   23    6    3    0
 18  9  0.24  -0.69  0.18   19    2    1    0
 18 10  5.42   4.71  2.73    2    7    5    2
 18 11  0.48  -0.15  0.41   29    2    1    0
 18 12  0.23  -0.79  0.14   31    3    1    0
---------------------------------------------
       11.55  1.91  2.73  OCT   30   18    4

                                WIND SPEED (mph)
                          DOM
 YR MO   AVG.  HI   DATE  DIR
---------------------------------
 18  1   0.3  24.0    9   NNE
 18  2   0.3  29.0   19   NNE
 18  3   0.4  21.0   15    SW
 18  4   0.8  31.0   12    SW
 18  5   0.6  29.0   11   WSW
 18  6   0.5  18.0   17    SW
 18  7   1.1  50.0   30    SW
 18  8   0.6  37.0   23    SW
 18  9   0.4  17.0    5    SW
 18 10   0.6  27.0    7   ENE
 18 11   0.3  21.0   12   NNE
 18 12   0.2  16.0   25   NNE
---------------------------------
         0.5  50.0  JUL   SW


2018 Statistics
current thru December 31st, 2018

Hottest temperature ... 113.9°F on July 24th

First 90°F Day for 2018 occured on April 7th!

First 100°F Day for 2018 occured on May 5th at 3:23pm!

Coldest temperature ... 32.3°F on December 30th

Lowest maximum ... 47.6°F on December 31st

Highest minimum ... 91.5°F on July 6th

Maximum Wind Gust this year ... 50 mph on July 30th

Total rain so far this year ... 11.55 in.

Most rain in one day ... 2.73 in. on October 2nd

Most rain in one month ... 5.42 in. in October


 


             
          2018        2018  AVERAGES °F  (RAIN)    2018    Extremes °F
          MONTH       MAX:  MIN:  MEAN:    in     MAX:  DATE: MIN:  DATE:
         ----------------------------------------------------------------
          JANUARY...  71.7  46.0  58.0  ( 0.72 )   80.0  1/29  36.4  1/22
          FEBRUARY..  68.9  44.8  56.5  ( 0.67 )   82.1  2/08  33.4  2/22
          MARCH.....  76.4  51.0  63.9  ( 0.04 )   89.3  3/31  41.4  3/05
          APRIL.....  87.6  59.6  74.6  ( 0.00 )   96.5  4/10  50.1  4/18     
          MAY......   93.3  64.9  80.5  (   T  )  103.4  5/05  52.9  5/03    
          JUNE.....  102.1  73.2  89.5  (   T  )  107.6  6/22  66.5  6/18
      
          JULY.....  104.7  81.1  93.1  ( 2.55 )  113.9  7/24  70.1  7/09        
          AUGUST.... 102.2  79.2  91.1  ( 1.20 )  111.8  8/06  68.7  8/10    
          SEPTEMBER. 100.2  75.3  88.2  ( 0.24 )  106.7  9/15  69.7  9/20      
          OCTOBER...  80.3  61.1  70.6  ( 5.42 )   88.4 10/20  52.8 10/17  
          NOVEMBER..  72.8  48.4  60.0  ( 0.48 )   81.0 11/06  39.8 11/12       
          DECEMBER..  64.3  43.0  52.9  ( 0.23 )   72.7 12/20  32.3 12/30      
         ----------------------------------------------------------------
          YR TOTALS   85.4  60.7  73.3 ( 11.55 )  113.9 07/24  32.3 12/30  
		             
         ** More than one occurance
		 


The number of days this year
the HIGH temperature was
...

Less than 50°F ... 1 day

Less than 60°F ... 18 days

Less than 70°F ... 64 days

90°F or more .... 156 days

100°F or more .... 102 days

110°F or more .... 6 days

The number of days this year
the LOW temperature was
...

32°F or less ..... 1 day

45°F or less ..... 57 days

70°F or more .... 116 days

80°F or more ..... 33 days

85°F or more ..... 10 days


© 2005 - 2019 PEPPER RIDGE NORTH VALLEY WEATHER
All rights reserved. Unauthorized duplication or distribution is prohibited

Number of Visitors Since March 15, 2005


USA Weather Finder Return to Historical Data Page World Weather Websites